r = -5*s - 11, -s - 9 = -2*r + 4. What are the prime factors of r?
3
Let m(q) be the second derivative of q**5/20 - 7*q**4/12 - q**3/6 - 7*q**2/2 - 3*q. List the prime factors of m(8).
7
Let f be -2*1 - (-4 + 12). What are the prime factors of f*(-2 + -2 + 3)?
2, 5
Let u = 0 + 3. Let r = 21 + -21. Suppose 2*v + u - 11 = r. What are the prime factors of v?
2
Let c be 0 + (103 - (2 - -1)). Suppose -7*t + 37 = -5*t - r, 5*t - 5*r - c = 0. List the prime factors of t.
17
Let w = 17 - 35. Let y(s) = s**3 + 19*s**2 + 16*s - 22. What are the prime factors of y(w)?
2, 7
Let x be 3/(-2 - 11/(-4)). Suppose 4*d - 41 = -5*v + 3*d, -v = x*d - 12. Let p = v - -12. List the prime factors of p.
2, 5
Suppose 305 = 5*z - 5*i - 55, 2*i - 10 = 0. List the prime factors of z.
7, 11
Suppose -m = w - 5, 3*w + 4 = m - 5. Let y = m + 14. List the prime factors of y.
2, 5
Suppose 4*l - l - 461 = -s, 3*s = 6. List the prime factors of l.
3, 17
Suppose -z + 3*c - 3 = 0, -2 = 3*z - 4*c + 2. Suppose z = -11*f + 6*f + 145. What are the prime factors of f?
29
Let z(q) = -q + 6. Let p(s) = 5*s - 1. Let j be p(-1). List the prime factors of z(j).
2, 3
Suppose -b = -4*d - 4, -3*b = -8*b - 5*d - 55. Let k = b + 20. List the prime factors of k.
2, 3
Let d(v) = 2*v**3 - v**2 - v + 3. List the prime factors of d(3).
3, 5
Let w be 6*(20/6 - 3). Suppose 3*d - 59 = -3*c + w*c, -2*d - 3*c + 51 = 0. List the prime factors of d.
2, 3
Let n be 9/(-2) + 4/(-8). Let f = n + 7. List the prime factors of f.
2
Suppose 0 = -2*b + 189 - 35. What are the prime factors of b?
7, 11
Let l = -8 - -6. Let d be (-4)/(l/(-1)) + 2. Suppose 5*j + 10 = d, 5*o - o = -4*j. List the prime factors of o.
2
Let n = 28 - 16. Suppose -2*r - n = -6*r. What are the prime factors of r?
3
Let b = -75 - -120. Suppose -7*s = -2*s - b. What are the prime factors of s?
3
What are the prime factors of (-4)/(-10) - 4128/(-30) - -4?
2, 71
What are the prime factors of ((-1)/1)/4 - (-1995)/12?
2, 83
Let m(t) = -2*t**3 + 17*t**2 - 2*t + 4. What are the prime factors of m(7)?
137
Let r = 66 + -44. What are the prime factors of r?
2, 11
Suppose 19 = 3*f - a - 42, -f + 2*a + 22 = 0. Suppose 0*g = -3*g - 4*o + 52, 5*o = f. List the prime factors of g.
2, 3
Let v be 1/(0 - (-4)/20). Suppose -2*d + 120 = d - 3*h, -v*h - 128 = -3*d. What are the prime factors of d?
2, 3
Suppose 2*w - 5 = -3. Let u(a) = 59*a + 1. Let d be u(w). Let t = d - 41. List the prime factors of t.
19
Let o be (-69)/(-21) - (-6)/(-21). Suppose o*s - j - 3 = 5, s - 2*j = 1. Suppose -p = -s*z - 5*p + 53, 3*z - 5*p = 8. What are the prime factors of z?
11
Let i = 53 + -35. Let f = 30 - i. List the prime factors of f.
2, 3
Let w(l) = 111*l - 63. What are the prime factors of w(4)?
3, 127
What are the prime factors of 1*44*2/4?
2, 11
Let t be (-7)/4 + 1/(-4). Let o = t - -1. Let l(f) = 5*f**2 + f + 1. What are the prime factors of l(o)?
5
Let q(i) = -2*i**3 + 3*i + 1. Let x be q(-2). Suppose 22 - x = c. List the prime factors of c.
11
Let b(m) = -7*m**3 - m**2 - m + 1. Let g be b(1). Let w = g + 17. Let u = -6 + w. What are the prime factors of u?
3
Let h be 0/((-1)/((-1)/2)). List the prime factors of 17 + 0/(2 - h).
17
Let l be 32/(-6)*6/4. Let z = l - -20. List the prime factors of z.
2, 3
Let v = 15 - 21. Suppose w - 4*w = 18. What are the prime factors of v*(2 + 21/w)?
3
Let b = 25 - 22. What are the prime factors of b?
3
Suppose 5*z + 2*x = 155, -4*z + x + 106 = -x. Let o = 8 + 6. Let v = z - o. What are the prime factors of v?
3, 5
Let g(d) = 5*d + 4. Let y be g(6). Suppose 0 = 5*n + 5, 0 = 2*z + 2*n - 5*n - 3. Suppose z = 5*r - h - y - 4, 0 = 4*r - 4*h - 40. List the prime factors of r.
7
Suppose -4 = -l + 15. List the prime factors of l.
19
Let k = 60 - 20. Suppose k = 4*b + b. List the prime factors of b.
2
Suppose -12 = 3*v + 12. What are the prime factors of (-42)/v - (-1)/(-4)?
5
Suppose -v = -u - 3, 4*v - v + u - 17 = 0. Suppose 9*a - 28 = v*a. List the prime factors of a.
7
Let c = -87 - -218. List the prime factors of c.
131
Suppose 116 = 4*f - 280. What are the prime factors of f?
3, 11
Let l be (6/5)/(4/10). Suppose 6 = 2*u + 2*r, -2*u = -l*u - 3*r - 5. Suppose -3*k - 2*k + 5 = 2*d, 2*d = -3*k + u. List the prime factors of d.
5
Let a(w) be the first derivative of -w**4/4 + 5*w**3/3 - w**2 + 4*w + 1. Let g = 44 - 40. What are the prime factors of a(g)?
2, 3
Let u(f) = 2*f**2 - f - 1. Let t(c) = -2*c + c**2 - 2*c**3 + 9*c**2 + 3*c - 8*c**2. Let y be t(-1). List the prime factors of u(y).
2, 7
List the prime factors of (7/(-3))/(1/(-9)).
3, 7
Let s = -5 + 35. What are the prime factors of s?
2, 3, 5
Suppose -a + 4 + 2 = 0. Let u = -6 - -2. Let t = a + u. List the prime factors of t.
2
Let u(x) = 3*x + 5 + 0 + 0 - 2. List the prime factors of u(8).
3
Let f(o) be the third derivative of o**6/120 + o**5/12 + o**4/8 - o**3/3 - 4*o**2. What are the prime factors of f(-4)?
2
Suppose 0 = -3*p - 9, p - 6*p + 105 = 4*o. What are the prime factors of o?
2, 3, 5
What are the prime factors of (2 + 28)*7*(-8)/(-20)?
2, 3, 7
Let a = 6 - 4. Let s(r) = 12 - r + 3*r**a - r**2 - 3*r**2. What are the prime factors of s(0)?
2, 3
Let f(m) = -1 + 4*m - 3*m - 1 + m. Let r be f(4). Let o = r + 4. List the prime factors of o.
2, 5
Suppose -2*c + 2*s = 0, -5*c - 2*s + 13 + 1 = 0. Suppose -4*k + 28 = -o, 2*k + c = 3*o + 26. What are the prime factors of k?
2, 3
Suppose -4*s = 2*y - 2, 0*s - 5*s - 5*y = -10. Let i be 3 - 5 - 0/s. Let k = 5 - i. List the prime factors of k.
7
Suppose -4*k - 2 = -5*k. Suppose s - 2*w = 7 + 2, 5*s - k*w = 13. Let r = s + 8. What are the prime factors of r?
3
Let s be -6*(-3)/(-6)*-1. Suppose s*h = 7*h. Suppose -x + 2*j = -h*j - 28, -3*j - 15 = 0. What are the prime factors of x?
2, 3
Suppose 11 = u - 25. Suppose -5*d + 2 = 4*g - 2, 5*d - 4*g = u. Let t = 4 + d. List the prime factors of t.
2
Let r = 8 - 4. Let c(b) = b**2 - 5*b + 7. What are the prime factors of c(r)?
3
Suppose 4*h = -0*h + 48. Suppose x = b + 13, 2*b - h = -2*b. What are the prime factors of x?
2
Let t = 107 + -73. What are the prime factors of t?
2, 17
Let n(w) = -w**2 + 11*w + 9. Let p(j) = 10*j + 1. Let z be p(1). What are the prime factors of n(z)?
3
Let v(n) = 11*n - 5. Suppose -4*t + 5 = -3. What are the prime factors of v(t)?
17
List the prime factors of (-14)/28 + 150/4.
37
Let i(b) = 2*b - 9. Let g(q) = -q + 4. Let x(w) = 7*g(w) + 3*i(w). Let j be x(-1). List the prime factors of j/(38/34 - 1).
17
Let j = 23 + -9. Suppose -3*y + 13 + j = 0. Suppose -p + y = -1. List the prime factors of p.
2, 5
Suppose -10 - 2 = -4*h. Suppose 6*s - 36 = h*s. List the prime factors of s.
2, 3
Let q(k) = -3*k + 13. What are the prime factors of q(-9)?
2, 5
Suppose -255 = -3*x - 2*x - 3*g, -230 = -5*x + 2*g. What are the prime factors of x?
2, 3
Let n = -280 - -482. What are the prime factors of n?
2, 101
Suppose -2*o + 8 = 2*o. List the prime factors of o.
2
Let y = 2 + 28. List the prime factors of y.
2, 3, 5
Let n be (-2)/10 - 62/(-10). List the prime factors of (-984)/(-45) - n/(-45).
2, 11
Let x = 11 + -8. Let z be ((-1)/(-3))/((-1)/(-15)). Suppose z = x*j - 7. List the prime factors of j.
2
Let m(d) = d**3 - 3*d**2 + 4*d - 2. Let i be m(2). Let g = 4 - i. Suppose 4*t - 24 = -f, 0 = 5*t - 27 + g. What are the prime factors of f?
2
List the prime factors of (1 + 316)/(-2 - -3).
317
Let i be (-126)/3*(-1 + 0). Suppose t = -2*t - i. What are the prime factors of 4/t + (-86)/(-7)?
2, 3
Let g = 2 + 2. Suppose -4*y + d - 2*d = -20, 3*d - 20 = -g*y. List the prime factors of y.
5
Suppose 0 = -9*l + 569 + 610. What are the prime factors of l?
131
Let l(p) = p**2 + 12*p + 10. Let b be l(-10). Let t be b/(-3)*(-12)/10. Let y(j) = -5*j - 6. List the prime factors of y(t).
2, 7
Suppose 3*t - 12 = 6. Suppose -3*w + t*w = 24. List the prime factors of w.
2
Let d(o) = -7 - 5*o - o + 4*o. List the prime factors of d(-9).
11
Suppose 0 = -a + 4*a + 5*v + 2, -10 = -3*a - 2*v. Suppose -a*n + 76 = -2*n. List the prime factors of n.
19
Suppose 296 = 4*p + o - 220, -o = 2*p - 260. List the prime factors of p.
2
Let w(a) be the first derivative of -2*a**2 - a + 2. Let o be w(-1). Suppose 0 = 6*g - o*g - 21. What are the prime factors of g?
7
Let m(k) = 3*k + 1. Let q be m(1). Suppose 3 = 2*p - 3*i - 7, -